{"id":37,"date":"2023-08-06T11:06:21","date_gmt":"2023-08-06T09:06:21","guid":{"rendered":"http:\/\/192.168.1.150\/web\/?page_id=37"},"modified":"2023-08-06T21:10:18","modified_gmt":"2023-08-06T19:10:18","slug":"hem","status":"publish","type":"page","link":"https:\/\/ulmes.se\/web\/","title":{"rendered":"Hem"},"content":{"rendered":"\n<p>V\u00e4lkommen till min webbsida som drivs av en Supermicro server. Det \u00e4r mest som E-mail server och l\u00e4nka ihop olika webbsidor f\u00f6r myowncloud.<\/p>\n","protected":false},"excerpt":{"rendered":"<p>V\u00e4lkommen till min webbsida som drivs av en Supermicro server. Det \u00e4r mest som E-mail server och l\u00e4nka ihop olika webbsidor f\u00f6r myowncloud.<\/p>\n","protected":false},"author":1,"featured_media":0,"parent":0,"menu_order":0,"comment_status":"closed","ping_status":"closed","template":"","meta":{"footnotes":""},"class_list":["post-37","page","type-page","status-publish","hentry"],"_links":{"self":[{"href":"https:\/\/ulmes.se\/web\/wp-json\/wp\/v2\/pages\/37","targetHints":{"allow":["GET"]}}],"collection":[{"href":"https:\/\/ulmes.se\/web\/wp-json\/wp\/v2\/pages"}],"about":[{"href":"https:\/\/ulmes.se\/web\/wp-json\/wp\/v2\/types\/page"}],"author":[{"embeddable":true,"href":"https:\/\/ulmes.se\/web\/wp-json\/wp\/v2\/users\/1"}],"replies":[{"embeddable":true,"href":"https:\/\/ulmes.se\/web\/wp-json\/wp\/v2\/comments?post=37"}],"version-history":[{"count":4,"href":"https:\/\/ulmes.se\/web\/wp-json\/wp\/v2\/pages\/37\/revisions"}],"predecessor-version":[{"id":124,"href":"https:\/\/ulmes.se\/web\/wp-json\/wp\/v2\/pages\/37\/revisions\/124"}],"wp:attachment":[{"href":"https:\/\/ulmes.se\/web\/wp-json\/wp\/v2\/media?parent=37"}],"curies":[{"name":"wp","href":"https:\/\/api.w.org\/{rel}","templated":true}]}}